-l - 1. Determine n(o).
11
Let d(z) = z**2 + 5*z - 6. Let b = -195 - -195. Suppose -17*h + 36*h + 95 = b. Calculate d(h).
-6
Let f(a) be the first derivative of 1/2*a**2 + 67 + 0*a. What is f(14)?
14
Let n(z) = 2*z**2 + z. Let l = -7 - -9. Suppose -35 = -5*u + 5*t, -3*u + 8*u = -l*t + 28. Suppose -6 = u*b - 0. Determine n(b).
1
Let g(t) be the second derivative of t**4/4 + 3*t**3 - 7*t**2 + 4492*t. Calculate g(-8).
34
Let x(y) be the first derivative of 1/4*y**4 + 11/2*y**2 - 6*y - 3*y**3 - 78. Determine x(7).
-27
Let a(g) = -19*g**3 - 20*g**2 - 3*g - 5. Let l be a(-1). Let d(y) = -y**3 - 3*y**2 - 3*y - 4. Calculate d(l).
5
Suppose 0 = 315*l - 316*l - 2*r, r = 5*l - 11. Let b(z) be the second derivative of 1/6*z**3 + 0 + 5/2*z**l + 21*z. What is b(-7)?
-2
Let k(g) be the third derivative of -g**6/120 + g**5/15 - g**4/24 + g**3 - 28*g**2 + 12. Calculate k(4).
2
Let f = 13 - 9. Let b(l) = -3*l**3 + 7*l**2 + l + 3. Let w(u) = u**3 - 183*u - 2 + u**3 + 362*u - 180*u - 6*u**2. Let p(y) = f*w(y) + 3*b(y). Calculate p(-2).
-1
Let g(j) = -j**3 - 14*j**2 - 11*j + 17. Suppose -1922 - 948 = 184*n - 478. Calculate g(n).
-9
Let f(t) = 1148*t**2 + 2*t + t**3 + 4 - 4*t**3 - 1157*t**2 + 4*t**3. Determine f(6).
-92
Let b be ((-1)/(-3) - 353/(-3))/(-172 + 174). Let w(p) = 2*p - 109. Determine w(b).
9
Let h be (1 - 1)*118/(-354)*6/(-8). Let c(v) = 28*v - 5. Determine c(h).
-5
Let p(d) = 11*d - 66. Let z(a) = 28*a + 622. Let w be z(-22). Calculate p(w).
0
Let p(d) = -d**3 + 0 - 7*d**2 + 8 + 2*d + 2. Suppose 0 = -10*g - 37655 + 37585. Determine p(g).
-4
Let c(b) be the third derivative of 7*b**6/60 + b**5/60 - b**4/24 - 22*b**2 - 8. What is c(1)?
14
Let f(g) be the second derivative of 1/4*g**4 + g - 1/2*g**2 + 1/6*g**3 + 13. Suppose y + 11 = 9. Determine f(y).
9
Let r(m) = -m**2 - 7*m - 6. Suppose 0*y - 5*y = 20, -5*y + 128 = 4*n. Let i = -18 + n. Suppose 21 + i = -8*c. Determine r(c).
4
Suppose 120 = -4*y + 14*y. Let o be (-2)/y*-26 - (-52)/78. Let l(q) = 3*q - 5. Determine l(o).
10
Let i(h) = -2*h**3 + 3*h**2 + 8*h - 18. Let q be i(2). Suppose 3*b = 4*b. Let c(s) = -10*s - 11*s - 3 + 22*s + b. Give c(q).
-9
Let d(f) = -13 + 0 - 15*f**2 + f**3 - 25 - 8*f - 5*f - 11. Calculate d(16).
-1
Let u be 1/(2/(-70))*((-1989)/195 - -10). Let m(v) be the second derivative of -v**5/20 + v**4/2 + 2*v**3/3 + 4*v**2 + v. Determine m(u).
-13
Let j(l) = 3*l - 17. Suppose 0 = k - 4*p - 45, 16*k = 13*k + p + 58. Determine j(k).
34
Suppose -15*z + 12*z = 0. Let u be z + 10 + 6 + (-8 - 0). Let s(n) = -36*n + 6*n**2 - u + n**3 + 40*n - 2*n**3. Determine s(6).
16
Let x be ((-408)/170)/((-1)/((-5)/(-3))). Let u(z) = 17*z - 9. What is u(x)?
59
Let o be 525/(-70)*12/9. Let a(c) = -c**2 - 12*c + 21. Give a(o).
41
Suppose -8*t = -7*t + 119. Let z = t - -213. Let b(r) = z*r - 93*r + 5 - 8. Give b(4).
1
Let f be 192/(-144)*((-2)/1 + -1). Let a(z) = -1 - 3*z - 2 - 11 + f*z. Give a(6).
-8
Let t(i) = 37 - 9*i + i**3 + 23 - 13 - 15*i - 6*i**2 + 13. What is t(8)?
-4
Let t(n) = -3*n**2 - 714*n + n**2 + 710*n - 248980 + 248982 + n**2. Let q = 5 + 0. Suppose q*y + 16 = y. Determine t(y).
2
Suppose 144*k = 71 - 43 - 460. Let l(u) = -5*u**3 - 6*u - 9. Let z(q) = 2*q**3 + 3*q + 4. Let y(g) = 3*l(g) + 7*z(g). Give y(k).
19
Let p(b) = -2*b**2 + 2*b + 2. Let o be (23 - 35)*(-2)/4*2. Let c(v) be the third derivative of v**4/24 - 3*v**3/2 - 2*v**2. Let r be c(o). Give p(r).
-10
Suppose -h - 173 = -4*z - 137, -3*h - 52 = -5*z. Let i(g) = -g**2 + 7*g. Give i(z).
-8
Let a(v) = -v**3 - 5*v**2 - 3*v + 4. Suppose 0 = -2*d + 2*x + 68, -4*d + 18 + 142 = 2*x. Suppose -30 - 46 = d*y. Give a(y).
-2
Suppose -137*w + 108 = -83*w. Let n(y) be the first derivative of -1/2*y**w + 14 + 2/3*y**3 - y. Give n(-1).
2
Let n(k) be the third derivative of -k**6/120 + k**5/5 - 2*k**4/3 + 8*k**3/3 + 19*k**2 + 1. Suppose 232 - 100 = 12*j. Determine n(j).
-39
Let c(v) = 45*v + 120. Let b(u) = 128*u + 360. Let m(n) = 6*b(n) - 17*c(n). Let i be m(-38). Let z(h) = h**2 - 4*h - 5. Determine z(i).
7
Let y(q) = -4*q**2 + 2*q - 1. Let h = -404 - -398. Let k be (-2 - 3) + (-36)/h. What is y(k)?
-3
Let r(u) be the third derivative of u**7/5040 - u**6/720 - u**5/4 - 28*u**2. Let f(c) be the third derivative of r(c). Let i be 4*9/(-12)*1. Give f(i).
-4
Let u(d) = -7 - 7 - 11*d - 4*d + 42 + 19. What is u(3)?
2
Let a be (-3 - 4 - -6)/((-2)/34). Let f(w) = 4*w - 61. Let u be f(a). Let z(b) = b - 3. What is z(u)?
4
Let b(k) = -3*k**3 + 7*k**2 - 2*k + 3. Suppose -132 + 192 = 20*i. Calculate b(i).
-21
Let u be -11*(0 - -1) - -2. Let z = -7 - u. Suppose -4 = -0*p - z*p, 8 = -d + 3*p. Let s(t) = -5*t. What is s(d)?
10
Let v(a) = -a**2 + 14*a - 23. Let n(d) = -d**2 + 16*d - 25. Let b(r) = -12*n(r) + 13*v(r). What is b(-8)?
17
Suppose 4*o = 5*r - 64, -4*r + 2 = -5*o - 60. Let g(n) = -n**2 + 5*n - 11. Calculate g(r).
-35
Let b(f) = -22*f**3 + 3*f**2 - 14. Let y(p) = -21*p**3 + 2*p**2 - p - 8. Let r(x) = 2*b(x) - 3*y(x). What is r(1)?
18
Let n = -1155 + 1182. Let p(x) = -2*x**3 + 55*x**2 - 25*x - 50. Determine p(n).
4
Let q(m) = 3*m**2 + 4157 + 4157 - 12471 + 4161 - 7*m. Give q(6).
70
Let i be (0 - -37)/(0 - -1). Suppose -31*t = -i*t. Suppose t = -4*y + 5*y - 3. Let m(s) = s - 2. Give m(y).
1
Let m(h) = 50*h + 296. Suppose -245*g - 1662 + 192 = 0. Calculate m(g).
-4
Suppose -j - 1 = 3*h, -2*j + 21*h = 25*h + 2. Let g(w) = -4*w + 11. What is g(j)?
15
Suppose -162*s = -168*s + 12. Let f(x) be the third derivative of 1/12*x**4 + 18*x**s - 2/3*x**3 + 0*x + 0. Determine f(4).
4
Let d = 457 - 648. Let b = 198 + d. Let y(o) = -o**3 + 7*o**2 + 3*o + 8. What is y(b)?
29
Let s(z) = -8*z - 56. Suppose 283 = 97*d - 2*d + 948. Determine s(d).
0
Let m be -6 + -8 + 12 - 2/2. Let h(t) = t**3 + t**2 - 11*t - 7. Determine h(m).
8
Suppose 0 = -0*y + 4*y + 8. Let j(w) = 29*w + 30. Let t(u) = 50*u + 55. Let r(b) = -11*j(b) + 6*t(b). What is r(y)?
38
Let o(i) be the second derivative of -i**3/2 - 3*i**2/2 + 40*i. Determine o(1).
-6
Let z(t) = 4*t**3 - 7 - 6*t**3 + 57*t + 8*t**3 - 51*t. Let u(b) = 5*b**3 + 5*b - 5. Let l(g) = -5*u(g) + 4*z(g). Calculate l(2).
-13
Let b(v) = v**2 + 22*v + 54. Suppose 5*n + 37 = -2*k - 92, -44 = n + 3*k. What is b(n)?
77
Let k(a) = 643*a**2 - 13*a - a**3 - 19 - 1313*a**2 + 658*a**2. Determine k(-11).
3
Let b = -723 + 1188. Let n = -459 + b. Let s(h) = 2*h - 17. Calculate s(n).
-5
Suppose 4*k + 3*k = 8*k. Let g(q) = 2*q + 0*q + 2 + q + k. Determine g(5).
17
Let v(b) = 2*b**2 + 7*b. Let k = -94 - -127. Suppose -165 = 22*n - k. What is v(n)?
30
Let u(g) = 3099*g - 7. Let r(v) = -12913*v + 29. Let h(y) = 6*r(y) + 25*u(y). Let a(c) = c**2 + c - 1. Let k be a(-2). Calculate h(k).
-4
Let y(s) = -3*s**2 + 34*s - 88 - 37*s - 12*s + 2*s**2 - 16*s. Determine y(-28).
-4
Let n(f) = f**3 + 3 + 44*f**2 + 82*f**2 - 12*f + 40*f**2 - 154*f**2. Calculate n(-13).
-10
Suppose b + 5*f - 12 = 0, 5*f = 9 + 1. Let u(n) = -577*n - b*n**2 + 576*n + 0*n**2. Determine u(-3).
-15
Let p(g) = -14*g**2 - 6*g. Let q(b) = 11*b**2 + 6*b + 2. Let s(a) = -4*p(a) - 5*q(a). Determine s(8).
6
Let h(t) = -2*t + 5. Let g be 104/(-24) + (-6)/9. Let z be (2 - 2)/g*2/(-4). Calculate h(z).
5
Suppose 4*l - 38 = -10. Let p(c) be the first derivative of -c**3/3 + 5*c**2 - 7*c - 3286. What is p(l)?
14
Let w(m) = -3*m + 14. Let g = -5686 - -5686. Give w(g).
14
Let o(z) = z + 14. Let m = 5867 - 5862. Determine o(m).
19
Suppose 36*k + 2 = 37*k. Let q(o) be the third derivative of -o**6/120 + o**5/20 + o**4/24 - o**3/6 + 37*o**2. What is q(k)?
5
Let t(d) = -10*d**2 - 270*d**3 + 269*d**3 + 33 - 7 + 5*d + 8*d. Determine t(-11).
4
Let f(j) = j**2 - 15*j - 14. Let c = 3110 - 3094. Determine f(c).
2
Let u = 42 + -77. Let j = u - -35. Suppose -5*x + 3*r - 10 = j, 0 = -2*x - r - r - 20. Let h(w) = w + 1. Determine h(x).
-4
Let n = 318 - 263. Let i(f) = 7*f + 2*f + n*f**2 + 4 - 5*f - 56*f**2. What is i(3)?
7
Let w(g) = -3*g**2 - g + 1. Let n be (-26)/117 - 20/(-9). Let c be -1*(n + 4) - 1. Let o = 5 + c. Give w(o).
-9
Let i be ((-2)/1)/((12/(-93))/(-4)). Let p = -56 - i. Suppose p + 1 = -b. Let o(z) = -z**3 - 8*z**2 - 6*z + 8. Give o(b).
1
Let c be (12/(-8))/(5/310*(-18)/(-12)). Let l(g) = 15*g + 3. Let d be l(-4). Let n = c - d. Let p(q) = 5*q + 5. Give p(n).
-20
Let q(z) be the first derivative of z**2 -